
1
Let j = -1025 - -1046. What is the remainder when 137 is divided by j?
11
Let o = 145 - 135. What is the remainder when 129 is divided by o?
9
Let a be (36708/15)/7 + 2/5. Suppose -3*b - 4*b = -a. What is the remainder when b is divided by 18?
14
Suppose 541*z - 1700 = 536*z. Calculate the remainder when z is divided by 38.
36
Let d be 6 - (3 + (3 - 3)). Suppose u = -l - 3*u + 21, 4*l - d*u = 8. Calculate the remainder when (-34)/(-2) + (l - 8) is divided by 9.
5
Suppose 109 = 5*w + 14. Let d = -100 + 168. Let k = -32 + d. What is the remainder when k is divided by w?
17
Let h be (-1 - (-1)/1)/(-1). Suppose h = -3*w - i + 4 + 10, 2*i = 4. Suppose w*m - 3 = 5. Calculate the remainder when 3 is divided by m.
1
Suppose 0 = 3*w - 5*c + 31, 27 = -5*w + 3*c - 30. Let m(l) = -8*l - 105. What is the remainder when m(-14) is divided by 3/12 - 57/w?
2
What is the remainder when 440/2 + 7 + (-8 - -3) is divided by 14?
12
Let p(q) = 3*q + 13. Let d = 1 - -21. Let m = -11 + d. What is the remainder when p(m) is divided by 12?
10
Let m = 26 + -8. Let w = 66 - 176. Let g = w + 144. What is the remainder when g is divided by m?
16
Suppose -q + 4*r = -4*q - 5, 0 = 3*q + 5*r + 10. Suppose 0 = -q*v - 5*y - 55, -19 = v + 2*y - 3. What is the remainder when (-4)/v - (-860)/15 is divided by 15?
13
Suppose -2*b - 79 + 29 = x, 6 = -3*x. Let c = -3 + -3. Calculate the remainder when 39 is divided by c/(-8) - 318/b.
11
Let v be (3/(3 + 9/(-2)))/(-1). What is the remainder when 29 - (0 + (v - (1 - -3))) is divided by 11?
9
Suppose -10*o + 17 = -13. Calculate the remainder when 181/6 - ((-19)/(-6) - o) is divided by 11.
8
Let r = 149 + -131. Calculate the remainder when 122 is divided by r.
14
Let i(k) = 35*k**3 + 2*k**2 - 8*k + 7. What is the remainder when i(1) is divided by 13?
10
Let p(z) = -58*z - 34. Calculate the remainder when 886 is divided by p(-1).
22
Let n be 5*6 + (-2)/(-1). Let a = 134 + -130. Suppose 6*h = a*h + n. What is the remainder when 62 is divided by h?
14
Let n(a) = a - 1. Let h be -1 - (-2 - 3*-5). Let f = h - -18. What is the remainder when n(f) is divided by 1?
0
Let f = 1197 + -981. Calculate the remainder when f is divided by 111.
105
Let p = 94 - 92. Suppose 54 = 2*z - p*d, -159 + 51 = -4*z - d. What is the remainder when 348 is divided by z?
24
Let c = -896 + 958. What is the remainder when c is divided by (21/12)/((-2)/(-24))?
20
Let v(s) = 3*s**3 - 2*s**2 - 4*s - 19. Calculate the remainder when v(5) is divided by 36.
34
Let x = -2402 - -2554. What is the remainder when x is divided by 28?
12
Let q(m) = -2*m + 67. What is the remainder when q(16) is divided by 13?
9
Suppose -2*i - 2*b + 17 = 3, b = -2*i + 9. Suppose 5*d = -2*l - 1, -3*d + 0 - 6 = 3*l. Calculate the remainder when i is divided by d.
0
Let l be 5*(-7)/(35/(-2)). Suppose 0 = 3*a - l*a + 136. What is the remainder when (a/4)/((-3)/3) is divided by 9?
7
Let a = -29 - -33. Suppose 2*n - a*k = -10, -2*k = -0*k - 8. What is the remainder when 6 is divided by n?
0
What is the remainder when (4 + 511)*(-3 + (-96)/(-30)) is divided by 8?
7
Let b = 716 + -708. Calculate the remainder when 415 is divided by b.
7
Let w(h) = -3*h**2 + 2*h + 1. Let t be w(-1). Suppose -6*g - 139 + 145 = 0. What is the remainder when 29 is divided by g/(t + (-33)/(-8))?
5
Suppose -21*f = -18*f - 90. Suppose f + 18 = 2*u. Calculate the remainder when 117 is divided by u.
21
Let s(l) = -17*l - 54. What is the remainder when s(-5) is divided by 4*(3 - -2 - 1)?
15
Let i = -975 - -1038. What is the remainder when i is divided by 14?
7
Suppose -5*j = -4*f - 210, 0 = 3*j - j + 4*f - 84. What is the remainder when j is divided by 25?
17
What is the remainder when ((-850)/136)/((-3)/168) is divided by 13?
12
Suppose 5*u - 4*u = 5. Suppose 6*f + 70 = 5*n + f, f = 3*n - 34. Let b = n - -4. Calculate the remainder when b is divided by u.
4
Let b(g) be the first derivative of -g**4/4 - g**3 - 7*g**2/2 - 5*g + 105. Let x = 6 - 10. What is the remainder when b(x) is divided by 20?
19
Suppose 0 = 4*a - 8, 2*a + 28 = 5*h - h. Calculate the remainder when 23/1 + h + -9 is divided by 6.
4
Let a(x) = -3 + 35*x + 6*x - 1. Let k(j) = -2*j**2 + 99. Let y be k(-7). Calculate the remainder when a(y) is divided by 13.
11
Let b(l) = -l**3 + 4*l**2 + 3*l + 27. Calculate the remainder when 29 is divided by b(5).
12
Let t be (-1 + 1)/(5/(-5)). Suppose -4*v - r + 16 + 3 = t, -v = -5*r - 10. Let j(c) = -c**2 + 10*c - 7. What is the remainder when j(6) is divided by v?
2
Let m be 2 + -3 - (-3 + 0). Suppose -79 = -m*u - 11. Suppose 3*t = u + 17. Calculate the remainder when 65 is divided by t.
14
Suppose 3*y + 32 = 47. Calculate the remainder when y is divided by 3/12 + (-6)/(-8).
0
Let n(b) = 2*b**2 + 14*b + 39. What is the remainder when n(-11) is divided by 26?
23
Suppose -22*w + 8*w = -420. Calculate the remainder when 54 is divided by w.
24
What is the remainder when (55/(-10))/((-11)/154) is divided by 48?
29
Suppose h + 3*h - 20 = 0. Let u(i) = 8*i - 2 + 0 + 15*i. What is the remainder when u(h) is divided by 29?
26
Let v = 195 - 130. Let j(o) = -o**2 + 7*o + 14. What is the remainder when v is divided by j(7)?
9
Suppose -4*i - i = 2*l - 74, 2*i = 0. Calculate the remainder when (0 + -1)*(-122 + 13) is divided by l.
35
Let o(w) = -w**3 - 5*w**2 - 5*w + 1. What is the remainder when o(-8) is divided by 20?
13
Let j be 3/9 - (-64)/6. Let i = j + 8. Suppose -5*m = -38 - 17. What is the remainder when i is divided by m?
8
Let u = -1381 - -2147. What is the remainder when u is divided by 7?
3
Let n(r) = -4*r + 4. Suppose -11*s + 304 = 5*s. Calculate the remainder when n(-8) is divided by s.
17
Let f = -45 - -10. Let x = f - -62. What is the remainder when 80 is divided by x?
26
Suppose -9*i + 18*i - 36 = 0. Let g be 2/(-6) - 74/3. Let b = 40 + g. Calculate the remainder when b is divided by i.
3
Let s(p) = 2*p**3 - 31*p**2 + 51*p - 3. What is the remainder when 226 is divided by s(14)?
103
Suppose -253 + 65 = -2*a. Calculate the remainder when a is divided by 29.
7
Let n(p) = -2*p - 13. Suppose -5*l - 4*s - 29 = 32, 2*s - 67 = 5*l. Let m be n(l). Let f = 25 - m. What is the remainder when 20 is divided by f?
8
Let t = -581 - -686. Suppose -5*p + 90 = -c, -4*p + 2*c = 4*c - 72. What is the remainder when t is divided by p?
15
Suppose 25*a = 31*a - 96. Let c = a - -14. What is the remainder when 149 is divided by c?
29
Let x(l) be the first derivative of l**4/4 - 11*l**3/3 + 8*l + 6. What is the remainder when 21 is divided by x(11)?
5
Suppose -64 = -v - o, -22*v + 17*v + o + 338 = 0. What is the remainder when v is divided by 31?
5
Suppose 5*y = 6*y + 3. Let m be y*(-1 + (-69)/(-9)). Calculate the remainder when 30 is divided by (-2)/10*4*m.
14
Suppose 4 = 2*o - 8. Let q(y) = -y + 13. Let a be q(o). Suppose -3*d - 29 = -2*v, -4*v + 2*d = a*d - 69. Calculate the remainder when v is divided by 9.
7
Let m = -799 + 1031. What is the remainder when m is divided by 11?
1
Suppose 0 = -g - 4 - 4. Let f(i) = -2*i - 11. Let r be f(g). Suppose -5*w - 4*s + 13 = 0, -7 = -r*w - s - 0*s. What is the remainder when 2 is divided by w?
0
Let z(k) = -3*k - 12. Let m(c) = -2*c**2 + 6*c + 5. Let y be m(5). Let i = y - -20. What is the remainder when z(-10) is divided by i?
3
Let b = -27 - -30. Suppose b*g - 4*a = 18, -2*a - 4 = 2. Let p(x) = x**2 - 3*x - 3. Calculate the remainder when p(5) is divided by g.
1
Let p(x) = -x + 5. What is the remainder when 186 is divided by p(-38)?
14
What is the remainder when 2*3*244/(-24)*-1 is divided by 44?
17
Let m(x) = -6 + 4*x**2 - 12*x**2 - 3*x**3 + 4*x**3 + 2*x. Let d(q) = q**2 - q + 27. What is the remainder when d(0) is divided by m(8)?
7
Let a(d) = 9*d**2 + d - 1. Let v be a(3). Suppose 47 = 2*p - v. Let h = -30714 + 30737. What is the remainder when p is divided by h?
19
Let y = -1819 + 1821. What is the remainder when 4 is divided by y?
0
Let t(o) = 4*o - 5. Let j = 11 + -6. Let q(h) = 46*h**2 - 4*h. What is the remainder when q(1) is divided by t(j)?
12
Suppose d + 4*d - 350 = -4*o, 5*o - 433 = -4*d. Calculate the remainder when 933 is divided by o.
83
Let x = 13 + -8. Suppose 75 = -0*d + x*d. What is the remainder when ((-4)/(-6))/((-34)/(-2244)) is divided by d?
14
Let f be 1 + 2 - -45 - -4. Suppose 